t are the prime factors of o?
3
Let x be 4/24 + (-316)/24. Let s = 75 + -114. List the prime factors of (-217)/(-3) - x/s.
2, 3
Let f(t) be the second derivative of -t**5/20 + 3*t**4/2 + 3*t**3/2 + 12*t**2 + 66*t + 2. What are the prime factors of f(18)?
2, 3, 31
Let l(o) = 8*o**2 + 13*o + 37. Suppose j = -5*i - 28, -5*i - 2*j = -2 + 33. List the prime factors of l(i).
2, 43
Suppose -3*g - 9 = 3, -4*m + 110176 = g. What are the prime factors of m?
5, 7, 787
Let j = -60 + 35. Let v = -23 - j. Suppose 0 = 5*k + 5, 5*t - 4*t = v*k + 58. List the prime factors of t.
2, 7
Let i(b) = -b**3 - 6*b**2 - 6*b - 7. Let n be i(-5). Let d(k) = -251*k**2 + 9*k + 7. Let t be d(-1). What are the prime factors of (7 + -5)*(-1 + t/n)?
251
Let x(b) be the first derivative of b**4/4 + 11*b**3/3 + b**2 - 5*b - 22. Let g be x(-4). Let s = 54 + g. What are the prime factors of s?
3, 17
Suppose 25*i - 14*i + 3*o - 551490 = 0, -3*o = 3*i - 150426. List the prime factors of i.
3, 17, 983
Let t(x) = -39*x. Let o be t(3). Let c = o - -61. Let w = 38 - c. List the prime factors of w.
2, 47
Let m be (60/(-8))/(21/280). Let u = m + 1292. List the prime factors of u.
2, 149
Suppose -7*x + 16*x + 243 = 0. Let y be (8/12)/((-6)/x) + 2. Suppose 3*w - 4*d - 356 = 0, -y*w - d + 49 = -506. What are the prime factors of w?
2, 7
Let m(d) = 35*d**2 + 4*d + 3. Let y = -99 - -93. Let k be m(y). Suppose 55*i - 62*i + k = 0. What are the prime factors of i?
3, 59
Suppose 0 = 3*u - 12, 122*u = -2*b + 123*u + 8. Let y(q) = 17*q + 3 + 10*q + 3. What are the prime factors of y(b)?
2, 3, 7
Let k(h) = -h**3 - 39*h**2 - 169*h - 127. List the prime factors of k(-44).
3, 7, 809
Let p(l) = -2*l**3 - 6*l**2 - 12*l + 19. Let y be p(9). Let q = -787 - y. List the prime factors of q.
2, 7, 89
Suppose 2*p - 48 = -2*x - 12, 2*x = -4*p + 72. Suppose p*c = 15*c + 15. Suppose c*b + w = 310, -2*b + 0*w + 124 = 2*w. What are the prime factors of b?
2, 31
Let n(g) = -g**3 - 7*g**2 - 15*g - 23. Suppose 13*y + 31 + 73 = 0. What are the prime factors of n(y)?
7, 23
Suppose 41*p - 480419 = 222034. List the prime factors of p.
3, 5711
Let f = -1894 + 1919. Suppose -5*k + 290 = -0*k. Suppose -f = -c + k. List the prime factors of c.
83
List the prime factors of (-409724)/35*((-18)/(-30) - (-31)/(-10)).
2, 14633
Suppose 0 = 7*u - 5*u + 662. Suppose -259*d = -252*d + 1197. Let p = d - u. What are the prime factors of p?
2, 5
Let y be (2 + -1 - 2)*-63. Let n be 28/y - 44/18. List the prime factors of (n - -4)*(3 + -1).
2
What are the prime factors of ((-13)/(390/125) + (-5)/(-6))*-5817?
2, 5, 7, 277
Let l(s) = -35*s - 9. Let n(j) = -18*j - 5. Suppose 0 = -6*r + 28 + 2. Let a(g) = r*n(g) - 3*l(g). What are the prime factors of a(1)?
17
List the prime factors of (-105)/840*(3 - 1) + (-59938)/(-8).
2, 1873
Suppose 96*m - 3065361 = 2126127. List the prime factors of m.
2, 3, 9013
Let f = 19945 + 9592. List the prime factors of f.
29537
Let c(o) be the second derivative of 0 - 1/3*o**3 - 5*o + 5/2*o**2. List the prime factors of c(-2).
3
Let z = -24805 - -37302. List the prime factors of z.
12497
Let a = 138212 + -63566. List the prime factors of a.
2, 3, 11, 13, 29
Let y(z) = z**3 + 8*z**2 + 9*z + 16. Let v be y(-7). Suppose -s - 12 = -4*a + 9, s = v*a - 13. What are the prime factors of -5 + 1 - -173 - (s - -1)?
173
Suppose -l + 16*j - 17*j = -3515, 2*j = -5*l + 17566. What are the prime factors of l?
2, 439
Let o(c) be the second derivative of -2*c**4/3 - c**3/6 + c**2 - 30*c. Let d be o(-2). Let m = d - -102. What are the prime factors of m?
2, 37
Let k be 4 + 18/(-3) + -1. What are the prime factors of 8 + 881 - k*4/(-6)?
887
Let a(o) = -79*o - 1. Let f be a(-4). Suppose -31*b - 11*b = 16*b. Suppose b = -3*q - w + f, w - 210 = -6*q + 4*q. What are the prime factors of q?
3, 5, 7
Let t(a) = 6823*a + 617. List the prime factors of t(4).
3, 7, 443
Suppose 3*r + 0*c - 36 = 3*c, -2*c + 18 = r. Suppose r*z - 13*z - 554 = 0. What are the prime factors of z?
2, 277
Let c(v) = -v**3 + 40*v**2 - 56*v + 301. List the prime factors of c(19).
2, 7, 487
Let a be (5 + 54/(-9))*588/2. Let w = a + 443. List the prime factors of w.
149
Suppose -5*m - 271 = -1851. Let i(o) = 22*o**2 - 18*o + 73. Let x be i(5). Let q = x - m. List the prime factors of q.
7, 31
Let k(p) = 13*p + 133. Let u be k(-9). Suppose u*q + 4*q = 7040. What are the prime factors of q?
2, 11
Let u(o) = 2*o**3 + 8*o**2 - 15*o - 24. Suppose -10*n = -32 - 28. What are the prime factors of u(n)?
2, 3, 101
Suppose 4*b + 5*o = -67503 + 305026, 0 = -3*b - 3*o + 178146. What are the prime factors of b?
59387
Suppose y - 4*y = -5*l - 84, l = -5*y + 112. Let a = -20 + y. Suppose 4*z - a*z - 85 = 0. What are the prime factors of z?
5, 17
Let x = 58908 - 26604. List the prime factors of x.
2, 3, 673
Suppose 0 = -829*r + 416*r + 411*r + 8044. What are the prime factors of r?
2, 2011
List the prime factors of (-1776762)/(-273) + (-15)/(-21).
23, 283
Let a be (-1 + -2)*(44/(-12) - -3). Suppose -a*g = 4*u - 6, 5*u - 18 = u + 2*g. Suppose b + 3 = 0, 3*b = u*l - 2*b - 777. List the prime factors of l.
2, 127
Let a(q) = -q**3 + 136*q**2 - 173*q + 597. What are the prime factors of a(133)?
5, 6131
Suppose k = 4*k + 21. Let f(n) = -16*n - 30. Let x be f(k). Let u = x + -79. What are the prime factors of u?
3
Suppose 12*z = 5*z + 42. Suppose 4*a = 0, z*s + 3282 = 9*s - 2*a. List the prime factors of s.
2, 547
Let t be (-5 + (0 - -7) - 13)/1. Let j = 15 - t. What are the prime factors of j?
2, 13
Let b(y) = 1441*y + 756. List the prime factors of b(19).
5, 17, 331
Let y be (1204/(-7))/(-2) + 6. Suppose -99*o + y*o + 1008 = 0. What are the prime factors of o?
2, 3
Suppose 0 = -22*u - 45179 + 159821. What are the prime factors of u?
3, 193
Let h(a) = 3837*a - 1633. List the prime factors of h(7).
2, 12613
Let p = -27792 - -65344. What are the prime factors of p?
2, 2347
Let d(g) = -3*g**2 - 3*g. Let t(z) = 17*z**2 - 32*z + 35. Let b(o) = 5*d(o) + t(o). Let v(w) = -24*w**3 - w. Let h be v(-1). What are the prime factors of b(h)?
2, 5, 11
Let k(g) = 6*g - 45. Let t be k(14). Suppose -t = -2*z - 31. Suppose v - 45 = -z. List the prime factors of v.
41
Let i be 1/2*(1 - 2)*-12. Let b be i*(2/(-1) + 3). Suppose -b*x + x + 582 = -2*h, 240 = 2*x + h. List the prime factors of x.
2, 59
Let i be 955/1 + (17 - 17). Let x = -504 + i. List the prime factors of x.
11, 41
Suppose 8*a + 5751 = 9*a - 3*i, -4*a - 5*i = -23004. List the prime factors of a.
3, 71
Let l = -32106 + 62494. List the prime factors of l.
2, 71, 107
Suppose 0 = -b + 2*t - t + 37, 35 = b - 3*t. Let y = b + -89. What are the prime factors of 7*2*y/(-6)?
7, 17
Suppose -5*m - 6*v + 2*v - 864 = 0, -5*m + 3*v - 892 = 0. Let l = m + 305. List the prime factors of l.
3, 43
Suppose 0 = -j - 4*t + 6, 23 + 7 = 5*j + 2*t. What are the prime factors of 56*(j - 256/56)?
2, 5
Let r(g) = 12*g - 7. Let n be r(7). Let z be 8/(-28) + 285/(-7). Let t = z + n. List the prime factors of t.
2, 3
What are the prime factors of (-12)/((-72)/6) + 6690?
6691
Let p(v) = -v**2 - 6*v + 11. Let l be p(-7). Suppose 55 = -l*d - 13. Let h = 57 + d. What are the prime factors of h?
2, 5
Suppose 72 = 6*d + 1542. What are the prime factors of d/(-6) + (-2)/(-12)?
41
Let t be 3384/648 + (-11)/9 + 1. Suppose 4*d = -c + 209, 0 = -5*c + c + t*d + 794. List the prime factors of c.
3, 67
Suppose -3*w - 4*g = -7, 0 = -3*w + 2*g - 0*g + 19. Suppose 114 - 579 = -w*t. Suppose -2*b + 208 = 3*o - t, b = o - 102. What are the prime factors of o?
101
What are the prime factors of (-7 + (-7)/(-4))/((-4329)/(-4332) + -1)?
3, 7, 19
Let b(c) = -c**3 + 11*c**2 - 45*c + 246. Let n be b(9). Suppose 4*t = 3*z - 57, 2*z + 3 = 3*z. What are the prime factors of (-2068)/t + -7 + (-1)/n?
3, 5, 11
Suppose -2*s = 3*a - 23, 4*a + 5*s - 51 + 11 = 0. Suppose 0 = 4*l + a*f - 6523, l - 2*f = -4*l + 8129. What are the prime factors of l?
1627
Let a = 15019 - 3667. Let d = -6461 + a. Suppose -d = -17*w - 743. What are the prime factors of w?
2, 61
Suppose 240*o - 4*x = 243*o - 128736, -3*o = -x - 128706. What are the prime factors of o?
2, 31, 173
Let n = 33204 + -18290. What are the prime factors of n?
2, 7457
Suppose n = 12*n + 121. Let q(k) = -11*k + 15. List the prime factors of q(n).
2, 17
Suppos